-6).
-30
What is the value of 158 - 136 - (21 + -3)?
4
What is 5 - (-17 - 0) - 17?
5
What is the value of -5 + (-1 + 9 - 4) + (8 - -1)?
8
(97 - 104) + (0 - -2 - (18 - -2))
-25
-53 - (-34 + 9 - 18)
-10
Calculate 6 + (-12 - (54 + -10)) + 19.
-31
What is the value of -17 - (-3 - 0 - -4 - 0)?
-18
What is -273 + 260 - (0 + -16)?
3
(-621 - -592) + (4 - -2)
-23
What is the value of 11 + (2 - 1) + (-83 - -67)?
-4
-25 - 1 - (19 - (89 - 64))
-20
What is the value of -22 + (20 - (1 - -9)) - 6?
-18
What is the value of 4 - (-2 + (-21 - -10) + 9)?
8
What is 36 - (19 - 11 - 1 - 19 - -12)?
36
(-15 + 9 + 11 - (-1 + 13)) + 1
-6
-11 + (-19 - (-2 + -30))
2
What is the value of -4 + (-1 - 2) - (8 - (39 + -13))?
11
Evaluate -1 + (3 - -8 - 7) - 15.
-12
What is 0 + -18 + 0 + 19?
1
Evaluate (3 - -9) + -23 - 1.
-12
Calculate 9 + 2 - (197 - 182).
-4
Evaluate -1 - -21 - (19 - (8 + 0)).
9
Calculate -39 + 41 - (-6 - -2).
6
Calculate 6 + (3 - 0) - (2 + 3 + -1).
5
What is 10 + (-10 - -1) + -1 + 10?
10
What is the value of 230 + -227 + (10 - -1)?
14
Calculate (-13 - -7) + (-2 - -22) + (8 - 10).
12
What is the value of 8 - (-10 - (1 + -10 + 0))?
9
Calculate 5 - ((-4 - (5 - 13)) + -4 + 6).
-1
What is the value of 1 - -29 - ((-20 - -17) + 25 + -21)?
29
11 - (14 + (-11 - -18 - 42))
32
Evaluate -13 - 8 - (-25 - 10).
14
Calculate -1 - 40 - (9 + -63 - -38).
-25
What is the value of -16 - (7 - (16 - 2)) - (-7 + 2)?
-4
What is 8 - (8 - 4 - -6)?
-2
What is (-17 - -3) + (-8 + -3 - -8)?
-17
11 + 18 - (3 + -12 + 4)
34
Calculate -216 - -248 - (0 + 60).
-28
What is (-33 - (7 + -1) - (18 - 28)) + -1?
-30
What is the value of (4 - -5 - 5) + -20 - (-34 - -32)?
-14
What is (13 - -8) + (4 - (-5 + 18)) - -2?
14
(5 - 6) + (2 - -21) + 2 + -2
22
Evaluate 38 - (29 + -7) - 46.
-30
16 + -14 + -28 - -20
-6
What is (-4 - -4) + 1 + (-22 - (-1 - 10))?
-10
(13 - 4) + -4 + -13
-8
What is (-2 - 7) + (4 - (-24 - -9)) - -9?
19
What is -8 - (20 - 61) - 26?
7
What is (6 - 10) + 7 + (2 - 5)?
0
Evaluate (19 - 5) + -7 + 4.
11
What is the value of -7 + (9 - 4) + 4 + -7 + 4?
-1
Calculate 0 + -15 + -12 + (8 - -2) + 6.
-11
Evaluate 8 + -7 + (-12 - (-20 + 10)).
-1
16 + (-1 + 7 - ((-12 - -13) + 6))
15
-8 + 1 - (13 + 14 - 15)
-19
11 + -5 - (-8 + 14 + -5)
5
What is the value of (-15 - (-11 - -5) - -16) + 9 + -8?
8
-224 + 194 + 0 + 30
0
2 + -54 + -9 + 41
-20
Evaluate (-18 - (-35 - -7)) + 12.
22
Calculate (-17 - -1 - -7) + 15 - -11.
17
What is the value of 8 + -13 - 3 - 9 - -8?
-9
15 + 15 + -10 - 9
11
Evaluate 30 + -19 + (-3 - (-6 + 4)).
10
Evaluate -5 + (1 - (2 - (2 + 8))) - 22.
-18
What is 5 - (28 - 6) - -3?
-14
Calculate (-1065 - -1074) + (-1 + -9 - (-4 - -5)).
-2
Calculate -12 + 7 + (19 - 1) + 5.
18
10 + 1 + -175 + 153
-11
What is (21 - 7) + 1 - 5 - -6?
16
7 + (-29 - -24) + 5
7
Calculate 28 + (8 - 50) - (-1 + 1 + 7).
-21
Evaluate 62 + -64 - (-3 + 21).
-20
What is 8 - 0 - (5 + (-15 - -39) + -16)?
-5
What is -6 - 4 - (-5 - 30 - 0)?
25
What is 7 + (0 - (3 + -7 + 10 + 6))?
-5
What is 17 + -5 + (-4 - (-3 + 0))?
11
21 - 67 - -41 - -23
18
What is the value of (144 - 168) + (-1 - -13)?
-12
What is 50 + 2 + -6 + -22?
24
Evaluate -151 - -163 - (5 - 4 - -45).
-34
What is the value of -18 + (13 - -5) + -2?
-2
Calculate -31 + (16 - (12 + 6 + -1)).
-32
-11 - 10 - -24 - -25 - 18
10
0 + -57 + -1671 + 1704
-24
Calculate 29 - (-13 + 88 - 22).
-24
Evaluate -2 + -5 + (-6 + 12 - (-5 + 19)).
-15
What is the value of (-38 - (15 + 3)) + 1 - -19?
-36
6 + -63 + 49 + (-5 - 1)
-14
Evaluate 15 + -5 + 0 - (-6 + 4).
12
Calculate 11 + (-9 - (28 + -8)).
-18
Calculate 24 + 2 - (6 + -6 + 6 + -3).
23
Calculate 2 - -4 - (-5 + 8).
3
-5 - (-1 - -8 - -3)
-15
What is -2 + -21 + (19 - (11 - 9) - 13)?
-19
Calculate (0 + 20 - (-4 + 4) - 4) + -5.
11
What is -50 + 19 + 21 + -13?
-23
Evaluate 4 + -7 + -7 + 7 + (15 - -2).
14
Evaluate (2 + 1 - 1 - 3) + (33 - 27).
5
6 - -3 - (31 + -10) - -7
-5
-7 + 10 + (5 - (2 + 27)) + 5
-16
What is the value of (1 - -15) + -22 + 11?
5
Evaluate (29 - 31) + -2 + (-25 - -2).
-27
23 + (-10 - (-2 - 0)) + 20 + -18
17
14 + 0 - 16 - 4
-6
Calculate -16 + 0 + (-10 - -42) + -27.
-11
What is -355 + 335 + (38 - 2)?
16
Evaluate 10 - (-3 - -2 - 1 - -7).
5
What is the value of 13 + (9 - 31) + -6 + 7?
-8
What is the value of 5 + (-9 - ((-1 - 3 - -5) + -4))?
-1
What is the value of -17 + (8 - (-3 - (-10 - (-11 + 5))))?
-10
What is 7 - (11 - (13 - 12))?
-3
Calculate 12 - 9 - (-3 + (-1 - -5) + -8).
10
What is 3 + (-5 - (8 - 10)) + -2?
-2
13 + (35 + -20 + (1 - 2) - 5)
22
4 + (39 - 47 - (-1 + -8) - -5)
10
Evaluate -26 + 13 + -4 + 6.
-11
What is the value of (5 - -1) + (32 - 32) - (18 - 11)?
-1
What is the value of 7 + (130 - 135 - (2 + -10))?
10
What is 1 + (16 - 7) - 13?
-3
Calculate (-10 - ((8 - 5) + -12)) + -9.
-10
What is 4 - (0 + -6 - (-71 - -64))?
3
266 + -271 - (-1 - 0 - (1 + -5))
-8
What is -3 - 0 - -16 - (66 - 59)?
6
What is -362 + 360 - (1 - -16)?
-19
(-5 - (4 + -9 + -2)) + -11
-9
Evaluate -22 - (33 - (1 + 26)).
-28
What is the value of 27 - (21 + (-1 - -8))?
-1
40 - (-25 + (3 - -42))
20
Calculate -14 + 0 + -106 + 123.
3
What is 6 + (0 - -3 - (23 - (0 + 4)))?
-10
Calculate -4 - (6 + 3 + (-17 - 1)).
5
What is 5 + -19 + 29 + 0?
15
What is 17 + (14 - 7 - 34)?
-10
Calculate 21 + -5 + (-70 - -62).
8
What is the value of 26 - (-11 + (-7 - -17) + 12)?
15
What is 18 - (9 + (-3 + 2 + -2 - -2))?
10
(-5 - 2) + (13 - 25) - 2
-21
3 + 4 + -41 + 16 + 2
-16
What is the value of -2 + ((2 - 7) + 18 - 7)?
4
What is the value of 0 - (2 - (8 + (-18 - -4)))?
-8
What is 13 - (30 + -3 + -11)?
-3
Evaluate -11 - (-3 + 11 - 12).
-7
Calculate -124 - -115 - (-3 + -3 + 6 - 5).
-4
(0 - 9) + (-7 - -30) + -22
-8
Calculate 35 - 19 - (14 + -7).
9
What is 11 + (-13 - -27) + 0?
25
Calculate 451 - 441 - (-1 - (-1 + -4)).
6
What is -35 + 111 - 67 - (-13 - 0)?
22
What is 23 + -24 + 0 + (2 - 3) + 19?
17
What is (75 - (61 - -7)) + 15 + -1 + 1?
22
What is the value of 30 + (17 - 30) - -8?
25
Calculate -12 - -39 - (-8 + (14 - 4) - 4).
29
What is 3 + 2 + -5 + -9 + -3 + 1?
-11
Evaluate (-1 + 8 - (20 - 12)) + 5.
4
What is the value of (18 - 53) + (7 - 0 - -8)?
-20
Evaluate -1 - (-6 + (11 - -6) - (0 - -10)).
-2
5 + 1 + (1 - -7 - -1) + -6
9
Calculate (29 - (-49 - -41)) + -10 + 1 + -8.
20
20 - (-10 + 32 - 3)
1
What is (26 - 29) + -4 + 5 + 9?
7
Calculate 4 + 1 + (107 - 116).
-4
Calculate (21 - 26) + 1 + (-3 - -10).
3
Calculate -11 + -1 - (-5 + (-32 - -14)).
11
What is 9 + 0 - (502 - 506)?
13
What is 15 + 15 + (5 - (7 - -35))?
-7
What is -28 + (-9 - (-9 - (0 + 4 + -2)))?
-26
5 - (2 + 2) - 5 - -16
12
-6 + (-7 - -18 - 32)
-27
Evaluate -7 + 17 + 0 - (0 + -3 + 12).
1
Evaluate (-5 + -23 - -76) + -18.
30
1 + -2 - 4 - (-46 + 103 + -66)
4
Calculate (2 - 3) + -40 + 31 + 37.
27
Evaluate 3 + -5 - -5 - 13 - -7.
-3
Calculate 31 + (-56 - (6 + -37)).
6
1 + 0 + -3 + 2 - (-210 + 199)
11
What is the value of 6 + 13 + -15 + (-7 - -23)?
20
Evaluate (9 - 17) + -1 + (0 - 9) + 3.
-15
What is 10 - (12 - (-7 - -22))?
13
What is the value of (-17 - (-12 + -12)) + -15?
-8
Calculate 10 + 19 - (-7 - -24).
12
Evaluate -7 + 4 - (8 - 12) - 4 - -18.
15
-7 + (2 - -1 - -2) - (-13 - -1)
10
Calculate (-11 - 11) + 28 + 3 + (3 - -23).
35
What is 25 + -7 + -7 + 5 + -5 + -10?
1
What is the value of -29 - (28 - (-10 + 96))?
29
What is 1 + -1 + (94 - 49 - 55)?
-10
Calculate 20 + -4 + (-16 - -13).
13
Calculate 7 - 23 - -6 - -10 - -12.
12
What is the value of 9 + -7 + 4 + (-1 - -2) + -2?
5
Evaluate (-26 + -15 + 0 - (-4 + -1)) + 0.
-36
What is the value of 21 + (-35 - -19) + (0 - -7) + 2?
14
Evaluate -1220 - -1218 - (1 - 3).
0
What is the value of 41 - (-2 + 32 - 11)?
22
Calculate (-1 - (-2 - -1)) + 396 + -401.
-5
Evaluate -10 + 5 - 18 - (-13 + 2).
-12
What is the value of -2 + 12 + (-4 + 5 - -2)?
13
Evaluate 38 + -35 + (10 - -14).
27
Evaluate (-56 - -32) + (0 - (0 - 6)).
-18
What is (-34 - -50) + (-34 - -10)?
-8
Calculate 14 + 2 + -10 - 11.
-5
What is the value of (21 - 4) + -8 + 6 + (5 - 5)?
15
(28 - -2) + -10 - (-1 - (-2 - 7))
12
Calculate 9 - 0 - (266 - 250).
-7
What is the value of 10 + (11 - 14) - 7?
0
Calculate 16 + (-16 + (12 - 4) - -2).
10
What is (0 - -15) + -5 + 7?
17
17 + 0 + (-82 - -81) + -9
7
Calculate (-18 - (-21 - -11)) + -1 + -5.
-14
What is 79 + -73 - (5 + 21)?
-20
What is the value of -32 + (2 - (2 + -8)) + (6 - 8)?
-2